*k + p. Suppose -y*o = 2 + 1. Let f(q) = q**3 - q**2 - q. Determine f(o).
-1
Let t(x) = -9*x**2 + 3. Let y(d) = -1. Let p(a) = t(a) + 2*y(a). Suppose -4*k - 17 - 19 = 0. Let z = k - -10. Give p(z).
-8
Suppose 0 = 2*x - 7 - 5. Let o(v) = -v**3 + 7*v**2 - 8*v + 9. Let k be o(x). Let b = k - 2. Let n(m) = m**3 + 6*m**2 + 7*m - 2. Determine n(b).
-12
Let s(v) = 4*v - 3*v + 7 + 0*v - 17. Let i(u) = u**3 + 3*u**2 - 5*u - 4. Let f(g) = -2*g + 8. Let d be f(6). Let c be i(d). Give s(c).
-10
Suppose 3*w = -4*r - 11, r + 9 = -0*w - 2*w. Let t(c) be the first derivative of -2*c**4 + c**2 - c - 5. Calculate t(r).
-7
Let s(x) = -x**2 + x. Let b(t) = 2*t**2 + 4*t + 3. Let f(h) = 2*h. Let v be f(-1). Let c be b(v). Suppose 3*k + 8*j - 3*j + 1 = 0, c*j = 4*k - 18. Give s(k).
-6
Let j(a) = 3*a - 4*a - 12 + 2*a + 4. Determine j(6).
-2
Let u(b) = 4*b + 18 - 2*b - 14. Determine u(-5).
-6
Let o(t) = -t**3 + 13. Let p(x) = 4*x - 20. Let a be p(5). Determine o(a).
13
Let t be (3 - 0) + 0 + -9. Let u = 6 + t. Let z(m) = 2*m - 2 - 3*m + 3 + u. Calculate z(-5).
6
Let w = 9 + -9. Suppose 2*c + c - 6 = w. Let x(g) = g**c - 3 + 2 + 6 + 5*g - 3. Calculate x(-4).
-2
Let k(q) = -q + 4. Suppose -2*x + l + 8 = 0, 4*x - 11 = 3*l + 7. Let n be k(x). Let t be -2 + (n - (6 - 2)). Let j(g) = g**3 + 4*g**2 - 3*g + 6. Calculate j(t).
-4
Let v(w) = 4*w + 1. Suppose 3*f = -f + 52. Suppose 3*s + 3*z = -9, -2*s + f = -s - 3*z. What is v(s)?
5
Let f(a) = 15*a**2 - 4*a - 5. Let i(q) = -7*q**2 + 2*q + 2. Let z(u) = -6*f(u) - 13*i(u). Let r(w) = 2*w**2 - 4*w + 7. Let s(d) = -3*r(d) + 5*z(d). Give s(1).
0
Let x(t) = 3*t - 4. Suppose -5*y + 10 + 20 = 0. Calculate x(y).
14
Let p(s) = 2*s**2 - 2*s + 1. Let z be p(2). Let f be 8/((4/z)/2). Suppose -5*m + f = -5*h, -2*h - 4*m = 3*h + 29. Let y(n) = 2*n + 4. Give y(h).
-6
Let q(y) = 2*y**2 + 4*y - 9. Let b(j) = 3*j**2 + 3*j - 9. Let f(g) = 3*b(g) - 4*q(g). Give f(6).
3
Let x(a) = a**3 + 3*a**2 + 4*a + 2. Let t(j) = j**2 - 7*j + 6. Let b be t(6). Suppose 8*u = 3*u - 2*c - 8, b = 5*u - 4*c + 14. What is x(u)?
-2
Let o(a) = -a**3 - 5*a**2 - a - 1. Let f(t) = -t - 4*t**2 + 4*t - 2*t. Let j(n) = -n**3 - 3*n**2 - 3*n - 3. Let m be j(-2). Let x be f(m). Calculate o(x).
4
Let n = 9 - 7. Suppose 0 = 3*m + n - 8. Let k(v) = 0*v + 2*v**2 - m*v + v. Give k(1).
1
Suppose u = 5*u - 12. Let v(x) = -2*x + 1. Determine v(u).
-5
Let p(c) be the third derivative of c**5/60 + c**4/4 - 5*c**3/3 + 2*c**2. Let i be p(-8). Let l(s) = 2*s - 3. Calculate l(i).
9
Let p(a) = -a**2 + 6*a - 2. Let w be 40/6 - 2/(-6). Calculate p(w).
-9
Let c(p) = p - 3. Let t be c(6). Let z(d) = d**2 - 3*d + 2. Let w be z(t). Suppose -24 = -4*s + 4*b, 4*s - 3*s + w*b = -9. Let q(a) = 6*a. Calculate q(s).
6
Let a(c) = 3*c**3 + c**2 + 2*c + 1. Suppose -4*p = -0*p - 4*m - 12, -3*m = -5*p + 7. What is a(p)?
-3
Let j be ((-6)/8)/((-24)/160). Let d(i) = -4*i**2 - 2*i. Let q(n) = n**2 + n. Let f(m) = j*q(m) + d(m). Give f(-4).
4
Let d = -23 - -14. Let p be 2/8 - (-1)/(-4)*29. Let k = d - p. Let l(y) = y**3 + 3*y**2 + y - 2. Determine l(k).
0
Let y be (6 + -2)*(-10)/8. Suppose 3*l = -2*l + 10. Let p(k) = 5*k + 3*k**l - 2*k**2 - 2*k - 1 + 0. What is p(y)?
9
Let u(v) be the second derivative of v**8/6720 + v**7/630 + v**5/24 + v**4/2 + 4*v. Let o(h) be the third derivative of u(h). Determine o(-4).
5
Let j(u) = -u**3 + 5*u**2 - u + 5. Suppose p = 9 - 4. Give j(p).
0
Let q(s) = -2*s**2 + 7*s - 4. Let d(o) = 36*o + 6. Let a be d(-5). Let w be a/(-21) - 4/14. Let u = -4 + w. Calculate q(u).
-8
Let w(c) = -25*c + 0 + 1 + 41*c. Calculate w(1).
17
Let n = 2 - 2. Let h(l) be the second derivative of l**5/20 - l**4/12 - l**3/6 - 4*l**2 + 2*l. Give h(n).
-8
Let j = -14 + 14. Let l(k) be the third derivative of 0*k + 2*k**2 - 1/120*k**6 - 1/12*k**4 + 1/15*k**5 + 1/3*k**3 + j. Calculate l(4).
-6
Let r(g) be the first derivative of 2 + 1/2*g**2 - g. Let i(v) = v**3 + 7*v**2 + 2*v + 10. Let l be i(-7). Calculate r(l).
-5
Let f(g) be the second derivative of g**4/12 + g**3/3 - g**2/2 - g. Suppose -2*u - u - 18 = 0. Let s = u + 3. What is f(s)?
2
Let r(k) = 7 - k**2 - 5 + 1 + 8*k. Let g be r(8). Let q(w) = 2 + 0 - 2*w + 1. Give q(g).
-3
Let i(u) be the third derivative of u**6/15 + 40*u**2. Determine i(-1).
-8
Suppose -4*z + 14 = -10. Suppose -q - 4*d + 3 = 0, 2*d + 0*d + z = -2*q. Let y(m) = -m**2 - 5*m + 3. Let n be y(q). Let l(c) = c**3 - 4*c**2 + 2. Give l(n).
-7
Suppose 0 = x - 15 + 12. Suppose 0 = -x*d - 3*d + 6. Let n(q) = 3 + q**2 - q**3 - 5 + 3. Calculate n(d).
1
Let u(x) = x - 11. Let d be u(10). Let l(z) be the second derivative of 13*z**4/12 + z**3/3 + z**2/2 - z. Give l(d).
12
Suppose 0 = 4*m - 20, 5*m = 4*t - 0*t + 5. Let x(j) = j**3 - 4*j**2 - 6*j + 1. Give x(t).
-4
Let p(u) = -u - 5. Let v be p(-4). Let i(o) = 8*o**2 + 1. Determine i(v).
9
Let h = -5 - 0. Let k be (-25)/h*8/(-10). Let f(w) = w**2 - 3*w + 1. Let n(z) = -4*z**2 + 8*z - 3. Let j(p) = 7*f(p) + 2*n(p). Determine j(k).
5
Let i(t) = 3*t**3 + 2*t**2 + 7*t - 22. Let j(u) = -5*u**3 - 3*u**2 - 11*u + 33. Let x(m) = -8*i(m) - 5*j(m). Determine x(0).
11
Let s(i) = -2*i**3 + 3*i**2. Let k be (-1)/(-2) - (-6)/4. What is s(k)?
-4
Suppose -4*r + 12 = 2*n - 14, -2*r + 23 = 3*n. Let k(l) = -2*l + l**2 + 0*l**2 + 0 + 2. What is k(r)?
10
Let b(h) = -5*h**2 - 3*h - 2. Let p(n) = 6*n**2 + 3*n + 2. Let z(x) = 5*b(x) + 4*p(x). Let k be (1 - 3 - 1) + 1. Give z(k).
0
Suppose -4*n - 2 - 2 = 0. Let q be 1 - -1*(n + 5). Let j(d) = -d**2 + 6*d - 6. What is j(q)?
-1
Let q(h) be the third derivative of h**4/24 + h**3/2 + h**2. Suppose 4*u = -18 - 2. Calculate q(u).
-2
Let s(n) = 7*n**2 - 33*n + 5. Let b(i) = 4*i**2 - 17*i + 3. Let m(k) = -5*b(k) + 3*s(k). Give m(14).
0
Let h = 12 + -16. Let k(v) = 1. Let o(z) = z - 4. Let l(t) = k(t) + o(t). Give l(h).
-7
Let y(q) = 4*q + 1. Let l be y(1). Let n(f) = f - 5. What is n(l)?
0
Let g(r) = -r - 2. Let k(u) = 3*u + 5. Suppose 2*l + 6 = -0*l + 4*y, -33 = 5*l - y. Let j(p) = l*g(p) - 3*k(p). Give j(1).
-3
Let h(x) = -5*x - 6. Let c(d) = -d**2 - 1. Let t be c(-2). Calculate h(t).
19
Let x(h) = -3*h - 7. Let d(j) = -21*j - 48. Let c = 28 - 1. Let m(g) = c*x(g) - 4*d(g). Suppose 5*w - 5*u + 30 = -0*u, -4*w - u = 4. Calculate m(w).
-3
Let a(x) = 6*x**2 + 2 + 3*x**2 - 5*x**2 + 5*x - x**3 - 8. Give a(5).
-6
Let q(z) = z**2 - 6*z + 7. Let t be q(5). Let d = 4 - t. Let w(o) = -o**2 + 2*o + 6 + 4*o + d*o**2. Calculate w(-5).
1
Let b(u) = 2*u - 2. Let a(j) = j**3 - 4*j**2 + 2*j + 6. Let s be a(3). Give b(s).
4
Let m(s) be the second derivative of -s**4/6 - s**3/6 + 3*s. Determine m(1).
-3
Let z(w) = w**3 - 7*w**2 + 7*w - 1. Let h(v) = -v + 1. Let p be h(-1). Suppose 24 = p*g + 2*g. Give z(g).
5
Let i(t) = -t**2 - 2*t - 6. Let k(j) = j**2 + 2*j + 7. Let z(v) = 4*i(v) + 3*k(v). Give z(-3).
-6
Let s(m) be the second derivative of m**3/3 - 5*m**2/2 + 22*m. Determine s(-4).
-13
Let d(o) = -2 + 3*o + 3 + 3 + 4*o**2 - 5*o**2. Let s be -2 + 4*2 + -1. Suppose 7 + s = 4*q. Calculate d(q).
4
Let r(p) = -2*p + 13. Let t(z) = -z**3 - 8*z**2 - z + 3. Let b be t(-8). Give r(b).
-9
Let g = -94 - -96. Let l(i) be the first derivative of -i**3/3 - i**2/2 + i + 1. What is l(g)?
-5
Let v(i) = i**2 - 7*i + 4. Let z(d) = 5*d**2 - 36*d + 20. Let l(j) = 11*v(j) - 2*z(j). Give l(3).
-2
Let i(k) = -3*k**2 + 18*k - 15. Let p(l) = l**2 - 9*l + 7. Let c(w) = 2*i(w) + 5*p(w). Let b be c(-10). Let x(f) = f**2 + 5*f - 4. Calculate x(b).
-4
Let n(c) = -c + 3. Let v be n(5). Let s be v/(-11) + (-93)/(-33). Let q(w) = 0*w**s + 2*w**3 - 3*w**3 + 2 + 2*w. Give q(-2).
6
Let o(x) = x + 1 - 5*x**3 + 4*x + 6*x**2 + 0*x + 6*x**3. Give o(-5).
1
Let o(s) = -2*s + 3. Let m be o(2). Let w(z) = 28*z**3 - 3*z**2 + z - 10. Let q(t) = 9*t**3 - t**2 - 3. Let y(b) = -7*q(b) + 2*w(b). Calculate y(m).
7
Let t be (27/6)/((-30)/40). Let m(k) = k**2 + 7*k - 4. Give m(t).
-10
Suppose -3*f + 5*c + 10 = 0, 3*c - 23 = -2*f - 2*f. Let a(m) = -1 + 1 - 1 - 5*m**2 - f + m**3 + 6*m. What is a(4)?
2
Suppose 3*q = 2*q - 3*z - 2, -z + 21 = -4*q. Let j be (-5)/2*40/(-50). Let m(b) = -b - b**3 + b - 4*b**2 - 5 + j*b. Give m(q).
10
Let n(c) = -2*c + 0*c - c**2 - 3 - 4*c. Let o = 8 + -11. What is n(o)?
6
Let j(y) = -3*y - 3. Let f(g) = g. Let k(l) = 5*f(l) + j(l). Let v be k(6). Let m be (5/(-3))/(3/v). 